{"id":10,"date":"2025-09-15T01:50:43","date_gmt":"2025-09-15T01:50:43","guid":{"rendered":"https:\/\/pjescobar.ar\/index.php\/about-us\/"},"modified":"2025-09-21T13:10:33","modified_gmt":"2025-09-21T13:10:33","slug":"about-us","status":"publish","type":"page","link":"https:\/\/pjescobar.ar\/index.php\/about-us\/","title":{"rendered":"Quienes somos"},"content":{"rendered":"<p>El <strong>Partido Justicialista de Escobar<\/strong> representa la expresi\u00f3n local del movimiento pol\u00edtico fundado por <strong>Juan Domingo Per\u00f3n y Eva Duarte de Per\u00f3n<\/strong>, inspirado en los principios de <strong>Justicia Social, Independencia Econ\u00f3mica y Soberan\u00eda Pol\u00edtica<\/strong>.<\/p>\n<p>Nuestra misi\u00f3n es consolidar y fortalecer la participaci\u00f3n democr\u00e1tica en el distrito, promoviendo pol\u00edticas p\u00fablicas que garanticen la inclusi\u00f3n social, el desarrollo productivo, la igualdad de oportunidades y la defensa de los derechos humanos de la comunidad escobarense.<\/p>\n<p>El Partido Justicialista de Escobar se constituye como un \u00e1mbito de debate, formaci\u00f3n y acci\u00f3n pol\u00edtica, en el que convergen dirigentes, militantes y ciudadanos comprometidos con la construcci\u00f3n de un futuro m\u00e1s justo y equitativo.<\/p>\n<p>Con una visi\u00f3n de trabajo colectivo y en unidad, reafirmamos nuestro compromiso de acompa\u00f1ar el crecimiento de Escobar y de contribuir al proyecto nacional y popular que gu\u00eda la vida pol\u00edtica de nuestro pa\u00eds.<\/p>\n<p data-start=\"524\" data-end=\"859\">A lo largo de las d\u00e9cadas, referentes locales, militantes y vecinos comprometidos han consolidado un espacio pol\u00edtico que expresa las demandas y aspiraciones de la comunidad escobarense. El trabajo solidario en los barrios, la promoci\u00f3n del acceso a la educaci\u00f3n, la salud, la cultura y el deporte han sido pilares de nuestra acci\u00f3n.<\/p>\n<p data-start=\"861\" data-end=\"1135\">Con la gu\u00eda de los valores fundacionales de Per\u00f3n y Evita, el Partido Justicialista de Escobar ha acompa\u00f1ado las transformaciones hist\u00f3ricas de la Argentina, contribuyendo a fortalecer la democracia y a garantizar la justicia social en el \u00e1mbito local.<\/p>\n<p data-start=\"1137\" data-end=\"1319\">Hoy, continuamos esa trayectoria con el desaf\u00edo de proyectar un Escobar moderno, inclusivo y participativo, en unidad con el movimiento justicialista a nivel provincial y nacional.<\/p>\n<p><strong data-start=\"1240\" data-end=\"1273\">2017 \u2013 Nuevo impulso pol\u00edtico<\/strong><br data-start=\"1273\" data-end=\"1276\" \/>Con la asunci\u00f3n de Ariel Sujarchuk como presidente, el justicialismo de Escobar inicia una etapa de transformaci\u00f3n, con pol\u00edticas orientadas a la innovaci\u00f3n y la actualizaci\u00f3n doctrinaria. Impulsando una intensiva serie de actividades formativas, culturales e identitarias abarcativas a todas las expresiones e inquietudes de nuestros afiliados, militantes y vecinos en general.<\/p>\n","protected":false},"excerpt":{"rendered":"<p>El Partido Justicialista de Escobar representa la expresi\u00f3n local del movimiento pol\u00edtico fundado por Juan Domingo Per\u00f3n y Eva Duarte de Per\u00f3n, inspirado en los principios de Justicia Social, Independencia Econ\u00f3mica y Soberan\u00eda Pol\u00edtica. Nuestra misi\u00f3n es consolidar y fortalecer la participaci\u00f3n democr\u00e1tica en el distrito, promoviendo pol\u00edticas p\u00fablicas que garanticen la inclusi\u00f3n social, el [&hellip;]<\/p>\n","protected":false},"author":1,"featured_media":0,"parent":0,"menu_order":0,"comment_status":"closed","ping_status":"closed","template":"","meta":{"footnotes":""},"class_list":["post-10","page","type-page","status-publish","hentry"],"_links":{"self":[{"href":"https:\/\/pjescobar.ar\/index.php\/wp-json\/wp\/v2\/pages\/10","targetHints":{"allow":["GET"]}}],"collection":[{"href":"https:\/\/pjescobar.ar\/index.php\/wp-json\/wp\/v2\/pages"}],"about":[{"href":"https:\/\/pjescobar.ar\/index.php\/wp-json\/wp\/v2\/types\/page"}],"author":[{"embeddable":true,"href":"https:\/\/pjescobar.ar\/index.php\/wp-json\/wp\/v2\/users\/1"}],"replies":[{"embeddable":true,"href":"https:\/\/pjescobar.ar\/index.php\/wp-json\/wp\/v2\/comments?post=10"}],"version-history":[{"count":1,"href":"https:\/\/pjescobar.ar\/index.php\/wp-json\/wp\/v2\/pages\/10\/revisions"}],"predecessor-version":[{"id":139,"href":"https:\/\/pjescobar.ar\/index.php\/wp-json\/wp\/v2\/pages\/10\/revisions\/139"}],"wp:attachment":[{"href":"https:\/\/pjescobar.ar\/index.php\/wp-json\/wp\/v2\/media?parent=10"}],"curies":[{"name":"wp","href":"https:\/\/api.w.org\/{rel}","templated":true}]}}